highest common divisor of 86 and f?
43
Suppose -4*j + 48 = -5*d, -4*j - 3*d - 2*d + 48 = 0. Let k = -96223 - -96226. Calculate the greatest common factor of k and j.
3
Let c be (2/5)/((-10)/(-1975)). Let p be (-21)/(378/(-4)) + c/9. Calculate the highest common divisor of 639 and p.
9
Suppose -33916 = -3*g + 22053 + 51746. Calculate the highest common divisor of g and 215.
215
Let m be (754/(-174))/((-3)/693). Calculate the highest common divisor of 231 and m.
77
Suppose j + 6 = -x + 14, j = x + 6. Let b(i) = i**3 - 19*i**2 + 34*i + 7. Let u be b(17). Calculate the greatest common factor of u and j.
7
Suppose -2 + 7 = 5*c - v, 2*v - 2 = -2*c. Let a be (-1068)/(-18) + c/(-3). Suppose 0 = -5*r + a + 21. Calculate the highest common factor of 176 and r.
16
Let o = -76 - -291. Let u be 86 - (-8)/12*-6. Let m = 125 - u. Calculate the greatest common factor of o and m.
43
Suppose 0 = -2*v - 4*o + 34, 5*o + 86 = 4*v + 4*o. Let w = 24 - v. Let d be w/2*(56/(-6))/(-1). Calculate the highest common divisor of d and 2.
2
Suppose t + 2*r - 46 = 0, 4*t + 5 = 4*r + 153. Suppose 382*z = 383*z - 13. Suppose z*x - 241 = 19. What is the greatest common factor of t and x?
20
Suppose 5*m + 2*a = 2388, 0 = 2*m + 18*a - 18 - 834. What is the highest common divisor of m and 1760?
160
Let d be (-11 + 15957)*(-4)/(-8). What is the greatest common divisor of 119 and d?
119
Suppose 0 = -2*x - 4, c + x - 24 + 28 = 0. Let v be c*(-33)/4*(-24)/(-36). What is the highest common factor of v and 275?
11
Suppose -2*d - 1000 = -58*b + 53*b, 5*b + 4*d = 1030. Calculate the highest common factor of 5353 and b.
101
Let n = 78 - 38. Suppose 0 = -2*h - 0*h - 3*g + 438, h - 219 = -g. Let m = 235 - h. What is the greatest common factor of n and m?
8
Suppose 0 = 61*m + 220 - 464. What is the highest common divisor of 8828 and m?
4
Let y = 478 - 461. Suppose 28 = 5*v - y. Calculate the greatest common factor of 504 and v.
9
Let x be 14 - -1 - (28 - 25). Let u be ((-196)/147)/((-1)/x). What is the greatest common factor of u and 256?
16
Let w(t) = 2*t**2 + 8*t - 20. Let m be w(6). Suppose 25*h = 20*h + m. Let i(n) = 100*n. Let b be i(1). Calculate the greatest common factor of b and h.
20
Let l = -126 + 117. Let t(p) = 8*p + 78. Let a be t(l). Calculate the greatest common factor of a and 30.
6
Let j = 98546 - 98535. Suppose 4*m + 2 - 18 = 0. Suppose 31 + 13 = m*t. Calculate the greatest common factor of t and j.
11
Suppose 11*o + 256 = 4*r + 7*o, 2*r - 4*o - 128 = 0. Suppose 0 = -3*t, -5*g - t + 171 + r = 0. Calculate the greatest common factor of 47 and g.
47
Let m = -34 - -58. Let q be 1 - (1 - (45 + 3)). Calculate the greatest common factor of m and q.
24
Suppose 4*w + 3*k = 5513, -3*w = -4*w - 3*k + 1376. Calculate the highest common divisor of 7 and w.
7
Let r = 42 - 39. Suppose q + 12 = -4*y, 0 = r*y + 2*y + 15. Let c be (15 + q)*(-867)/(-85). What is the greatest common divisor of 17 and c?
17
Let w(y) = -5*y**3 - 2*y - 1. Let l be w(-1). Let o(d) = -7*d**3 + 380*d**2 - 475*d - 93. Let r be o(53). Calculate the greatest common divisor of l and r.
1
Let m(r) = -r**2 + 18. Let j be m(0). Let d(c) = -42*c - 807. Let t be d(-22). What is the highest common divisor of j and t?
9
Let s(q) = q**3 + 10*q**2 + 6. Let u be s(-10). Suppose g + 0*g = u. Let w = -92 - -122. What is the greatest common divisor of g and w?
6
Let i be 15/12 - 404/16. Let n = i + 32. Let w be (7 - n)*(2 + -15). What is the highest common divisor of 52 and w?
13
Suppose 360*y - 364*y = -5*f - 1348, 2*y - 5*f = 684. Calculate the greatest common factor of y and 4.
4
Suppose t - 60 = 3*k, -4*t + 218*k = 217*k - 196. What is the highest common factor of t and 1416?
24
Suppose 3*d = -3*p + 12, -5 = -2*p + 5*d + 3. Suppose -2*m + 482 = p*r - 0*r, 5*r - 3*m - 586 = 0. What is the greatest common factor of 14 and r?
7
Let i(j) = -2*j**2 + 28*j + 1. Let w be i(11). Let l = -603 - -1072. What is the greatest common factor of l and w?
67
Suppose p - 9*l = -7*l + 2090, -5*l = -40. Calculate the greatest common factor of p and 270.
54
Let t = -34 - -22. Let k(c) be the second derivative of -c**4/12 - 7*c**3/3 - 21*c**2/2 + 9*c. Let a be k(t). Calculate the greatest common factor of a and 15.
3
Let y(r) = 2*r**3 + 10*r**2 - 50*r + 14. Suppose 0 = p + 3, 5*p + 18 = 2*n + 3*p. Let m be y(n). What is the highest common factor of m and 46?
46
Let z be 4*(-2 - -1) - (-84)/3. Let q(w) be the second derivative of 23*w**5/20 + w**2/2 + 5*w. Let a be q(1). What is the greatest common factor of a and z?
24
Let f = -79 + 202. Let i = f + -67. Let s = i - 38. What is the greatest common factor of 72 and s?
18
Let i be (-1 - -18) + (1 - 0). Suppose 0 = -2*u + 7*u - 0*u. Suppose -8*o + 2*f = -5*o - 106, -o + f + 35 = u. What is the highest common divisor of o and i?
18
Let w(f) = -f**2 + f + f - 1 + 0*f + 3*f**3. Let r = 185 + -184. Let o be w(r). What is the greatest common divisor of 6 and o?
3
Suppose 0 = 115*w - 116*w + 122. Suppose 3*o - w = p - 0*p, -25 = 5*p. Let m be 0 + -2 + 1 + 14. Calculate the highest common divisor of m and o.
13
Let q(o) = 55*o - 131. Let u be q(5). What is the highest common factor of 7632 and u?
144
Let q be (-3)/4 - (-1881)/12. Let o(p) = 3*p - 24. Let k be o(8). Suppose k = -14*w + 11*w + q. What is the greatest common factor of 13 and w?
13
Suppose -15 + 8 = -f + 2*m, 6 = 2*f + 4*m. Suppose 107 = f*a - 123. Calculate the highest common divisor of a and 69.
23
Suppose 2*r = 11*r - 729. Suppose -2*m - 854 = -2*i, 5*m - r + 488 = i. Calculate the greatest common divisor of 9 and i.
9
Let z(p) = -9*p + 3. Let u be z(9). Let c = 27 - -63. Let g = u + c. Calculate the highest common divisor of g and 16.
4
Let k be 353 + 2/1 + 8. What is the highest common factor of k and 99?
33
Let f(k) = 21*k + 1683. Let m be f(-74). Calculate the highest common factor of 21 and m.
3
Suppose 4*c - 218 + 22 = -4*s, -5*c + 240 = 4*s. Let d = c - 20. Calculate the highest common factor of 384 and d.
24
Let a = -3746 - -3951. What is the greatest common divisor of 451 and a?
41
Let t be (1 - (-9)/(-3))*(-15)/6. Suppose 3*k = t*j + 45, j - 5*j - 28 = -2*k. What is the greatest common factor of 36 and k?
4
Let n(i) = -i**3 - 8*i**2 - 15*i - 15. Let r be n(-6). Suppose r*c = -9, 3*t + c = 30 + 6. Calculate the highest common divisor of 39 and t.
13
Suppose -c - 3*z + 6 = c, -5*z = 3*c - 9. Suppose -3*j + g + 273 = 0, 2*j - c*g = -0*g + 189. Calculate the greatest common divisor of j and 60.
30
Suppose -426 = -13*p + 679. Suppose -28*z = -33*z + p. Calculate the highest common factor of 357 and z.
17
Let v(u) = u**2 - 2*u - 8. Let g(y) = -2*y**3 - 6*y**2 + 6. Let l be g(-3). Let n be v(l). What is the greatest common divisor of 368 and n?
16
Let g be ((-2)/(-1))/46 + 558220/12995. Let l(f) = -57*f + 1. Let u be l(-3). Calculate the highest common divisor of g and u.
43
Let d be (-1)/6*(-61 - 19047) + 5/(-3). Calculate the greatest common factor of d and 6.
3
Suppose 0 = -5*i + 4*u + 1445 + 1194, i + 5*u = 522. Calculate the greatest common factor of 62 and i.
31
Suppose -5*z = -5*a + 13 + 72, -5*z = 20. Let d be 310/(-14) + 3/21. Let j = d + 48. Calculate the highest common factor of j and a.
13
Let z be 9 - 8 - (-131 - 4). Suppose 0 = -5*p + 3*y - 2*y + 224, -3*p = -y - z. Calculate the highest common factor of 704 and p.
44
Let q = 938 + -927. Let p = -557 - -810. Calculate the greatest common divisor of p and q.
11
Let y(m) = 13*m**2 + 1052*m - 57. Let v be y(-81). What is the highest common divisor of v and 9288?
24
Suppose -42 = 10*f - 72. Suppose 5*b - 15 = -0. Suppose b*n = 3 + 6. What is the greatest common divisor of n and f?
3
Suppose -1320*a - 2244 = -1331*a. Calculate the highest common divisor of 20 and a.
4
Suppose 0 = -136*p - 89*p + 13500. What is the highest common divisor of 17260 and p?
20
Suppose -5*y - 15 = 0, -2*f - 29*y = -25*y - 1946. Calculate the greatest common divisor of f and 88.
11
Let c be -9*(-6)/18 - -14. Let f(k) = -k**2 + 31*k + 3. Let u be f(23). Calculate the highest common factor of u and c.
17
Let s = 16 - 13. Suppose 2*i - 10 = -q, 0*q + 64 = 5*q + s*i. Let n = 256 + -158. What is the highest common factor of n and q?
14
Let x(p) = -74*p**2 + 5*p - 17. Let w(d) = -76*d**2 + 7*d - 18. Let h(